ands digit of 1368349?
8
What is the hundreds digit of 214347?
3
What is the units digit of 147252?
2
What is the units digit of 1589693?
3
What is the units digit of 233539?
9
What is the ten thousands digit of 195377?
9
What is the units digit of 1836806?
6
What is the hundreds digit of 276209?
2
What is the hundreds digit of 474789?
7
What is the thousands digit of 439563?
9
What is the millions digit of 1640157?
1
What is the millions digit of 35595492?
5
What is the hundred thousands digit of 104425?
1
What is the ten thousands digit of 9096090?
9
What is the units digit of 450831?
1
What is the thousands digit of 7947?
7
What is the hundred thousands digit of 422439?
4
What is the ten thousands digit of 537639?
3
What is the ten millions digit of 21041522?
2
What is the units digit of 101200?
0
What is the tens digit of 895848?
4
What is the hundred thousands digit of 40931597?
9
What is the tens digit of 1765416?
1
What is the units digit of 496966?
6
What is the ten thousands digit of 17960?
1
What is the units digit of 3975228?
8
What is the thousands digit of 444421?
4
What is the units digit of 478745?
5
What is the tens digit of 1379294?
9
What is the hundreds digit of 4127520?
5
What is the thousands digit of 516717?
6
What is the units digit of 253779?
9
What is the tens digit of 7235899?
9
What is the millions digit of 5448711?
5
What is the tens digit of 7667460?
6
What is the tens digit of 737739?
3
What is the units digit of 2655429?
9
What is the ten thousands digit of 901463?
0
What is the units digit of 3668473?
3
What is the hundred thousands digit of 725469?
7
What is the thousands digit of 107632?
7
What is the units digit of 3755092?
2
What is the hundred thousands digit of 149475?
1
What is the hundred thousands digit of 188865?
1
What is the hundreds digit of 637970?
9
What is the hundred thousands digit of 225599?
2
What is the hundreds digit of 1817693?
6
What is the thousands digit of 6540811?
0
What is the hundreds digit of 2044284?
2
What is the tens digit of 1671363?
6
What is the hundred thousands digit of 198766?
1
What is the units digit of 586045?
5
What is the ten millions digit of 28124659?
2
What is the millions digit of 2550806?
2
What is the millions digit of 5055354?
5
What is the ten thousands digit of 272179?
7
What is the units digit of 1429196?
6
What is the hundred thousands digit of 390361?
3
What is the ten thousands digit of 14106266?
0
What is the hundreds digit of 416747?
7
What is the thousands digit of 40060493?
0
What is the units digit of 1987491?
1
What is the hundred thousands digit of 130946?
1
What is the tens digit of 3999784?
8
What is the tens digit of 514146?
4
What is the hundred thousands digit of 467957?
4
What is the millions digit of 4081424?
4
What is the hundred thousands digit of 195352?
1
What is the millions digit of 14171439?
4
What is the units digit of 158905?
5
What is the hundreds digit of 17928?
9
What is the tens digit of 520451?
5
What is the thousands digit of 1702327?
2
What is the millions digit of 5738414?
5
What is the ten thousands digit of 53555?
5
What is the units digit of 12029882?
2
What is the millions digit of 18650128?
8
What is the thousands digit of 6998190?
8
What is the ten millions digit of 31257234?
3
What is the thousands digit of 4361218?
1
What is the ten thousands digit of 3195881?
9
What is the ten millions digit of 11245095?
1
What is the ten thousands digit of 13322703?
2
What is the hundred thousands digit of 386339?
3
What is the tens digit of 2158082?
8
What is the units digit of 175258?
8
What is the hundreds digit of 426209?
2
What is the tens digit of 18619?
1
What is the tens digit of 3705253?
5
What is the ten thousands digit of 12250743?
5
What is the thousands digit of 304760?
4
What is the hundreds digit of 18947022?
0
What is the units digit of 72377?
7
What is the ten thousands digit of 277014?
7
What is the thousands digit of 497724?
7
What is the tens digit of 14718475?
7
What is the ten thousands digit of 454101?
5
What is the tens digit of 14255713?
1
What is the tens digit of 18794800?
0
What is the hundreds digit of 18859098?
0
What is the units digit of 26817835?
5
What is the hundred thousands digit of 5140455?
1
What is the tens digit of 8718186?
8
What is the hundred thousands digit of 15188247?
1
What is the hundreds digit of 1192422?
4
What is the hundreds digit of 882788?
7
What is the ten millions digit of 10950568?
1
What is the hundreds digit of 1958044?
0
What is the hundreds digit of 10802691?
6
What is the tens digit of 444541?
4
What is the thousands digit of 30883367?
3
What is the thousands digit of 16198784?
8
What is the ten millions digit of 15535587?
1
What is the hundred thousands digit of 259522?
2
What is the hundred thousands digit of 776199?
7
What is the millions digit of 1435576?
1
What is the tens digit of 92156?
5
What is the tens digit of 10348201?
0
What is the tens digit of 519930?
3
What is the millions digit of 1820342?
1
What is the ten thousands digit of 446496?
4
What is the ten thousands digit of 36487?
3
What is the hundreds digit of 1118545?
5
What is the thousands digit of 882742?
2
What is the millions digit of 29378929?
9
What is the hundred thousands digit of 426967?
4
What is the hundred thousands digit of 7821238?
8
What is the thousands digit of 802083?
2
What is the hundreds digit of 98076?
0
What is the thousands digit of 114607?
4
What is the hundred thousands digit of 3066258?
0
What is the hundred thousands digit of 207087?
2
What is the units digit of 10614181?
1
What is the ten thousands digit of 2628908?
2
What is the thousands digit of 558044?
8
What is the hundred thousands digit of 2908616?
9
What is the hundreds digit of 18522322?
3
What is the hundred thousands digit of 5501629?
5
What is the thousands digit of 490127?
0
What is the hundred thousands digit of 11717916?
7
What is the hundreds digit of 32789139?
1
What is the tens digit of 353799?
9
What is the thousands digit of 38396?
8
What is the millions digit of 2347796?
2
What is the hundreds digit of 9167847?
8
What is the hundreds digit of 1078974?
9
What is the ten thousands digit of 109012?
0
What is the hundreds digit of 254650?
6
What is the hundreds digit of 4074344?
3
What is the millions digit of 7306957?
7
What is the tens digit of 7181534?
3
What is the millions digit of 1456913?
1
What is the units digit of 2052847?
7
What is the ten thousands digit of 6858549?
5
What is the millions digit of 16702219?
6
What is the ten thousands digit of 6684906?
8
What is the hundred thousands digit of 1887430?
8
What is the hundred thousands digit of 264754?
2
What is the tens digit of 213902?
0
What is the units digit of 9808804?
4
What is the ten thousands digit of 641515?
4
What is the tens digit of 467759?
5
What is the hundreds digit of 7773577?
5
What is the tens digit of 309938?
3
What is the ten thousands digit of 4730240?
3
What is the tens digit of 179691?
9
What is the millions digit of 8567286?
8
What is the hundreds digit of 7596466?
4
What is the tens digit of 2055917?
1
What is the hundreds digit of 274452?
4
What is the tens digit of 5048990?
9
What is the units digit of 8680?
0
What is the hundred thousands digit of 4272743?
2
What is the thousands digit of 230820?
0
What is the ten thousands digit of 3567094?
6
What is the hundred thousands digit of 306087?
3
What is the units digit of 68630?
0
What is the millions digit of 1221078?
1
What is the thousands digit of 89740?
9
What is the tens digit of 772253?
5
What is the hundred thousands digit of 715216?
7
What is the hundred thousands digit of 1490916?
4
What is the tens digit of 201767?
6
What is the units digit of 9560970?
0
What is the units digit of 945123?
3
What is the thousands digit of 242083?
2
What is the hundreds digit of 20134924?
9
What is the hundreds digit of 1537149?
1
What is the ten thousands digit of 1341399?
4
What is the units digit of 8027361?
1
What is the units digit of 192715?
5
What is the hundreds digit of 1702093?
0
What is the hundreds digit of 2027177?
1
What is the hundred thousands digit of 478212?
4
What is the hundreds digit of 560821?
8
What is the tens digit of 14703581?
8
What is the hundred th